the remainder when 381649 is divided by 50.
49
What is the remainder when 2451 is divided by 188?
7
Calculate the remainder when 650 is divided by 88.
34
Calculate the remainder when 31008 is divided by 15502.
4
Calculate the remainder when 8338 is divided by 705.
583
What is the remainder when 5681 is divided by 930?
101
Calculate the remainder when 47554 is divided by 23725.
104
Calculate the remainder when 2321 is divided by 154.
11
Calculate the remainder when 15266 is divided by 1077.
188
What is the remainder when 2534 is divided by 285?
254
What is the remainder when 11443 is divided by 1903?
25
What is the remainder when 90220 is divided by 4747?
27
Calculate the remainder when 25689 is divided by 6410.
49
Calculate the remainder when 2638 is divided by 905.
828
Calculate the remainder when 18198 is divided by 18192.
6
What is the remainder when 67247 is divided by 7?
5
What is the remainder when 347 is divided by 39?
35
What is the remainder when 6312841 is divided by 1463?
1459
Calculate the remainder when 10053 is divided by 387.
378
What is the remainder when 15798 is divided by 229?
226
What is the remainder when 6681 is divided by 1023?
543
Calculate the remainder when 170374 is divided by 110.
94
What is the remainder when 9096 is divided by 23?
11
What is the remainder when 174925 is divided by 246?
19
What is the remainder when 2991 is divided by 511?
436
What is the remainder when 9076 is divided by 113?
36
What is the remainder when 5990 is divided by 31?
7
Calculate the remainder when 25274 is divided by 66.
62
What is the remainder when 59568 is divided by 23?
21
What is the remainder when 43293 is divided by 291?
225
What is the remainder when 47275 is divided by 203?
179
Calculate the remainder when 41697 is divided by 32.
1
Calculate the remainder when 11599 is divided by 41.
37
What is the remainder when 2794 is divided by 1502?
1292
Calculate the remainder when 930 is divided by 881.
49
What is the remainder when 77194 is divided by 6?
4
What is the remainder when 7340 is divided by 116?
32
What is the remainder when 51097 is divided by 1278?
1255
What is the remainder when 210547 is divided by 30073?
36
Calculate the remainder when 176053 is divided by 291.
289
Calculate the remainder when 1007 is divided by 211.
163
What is the remainder when 4819 is divided by 95?
69
Calculate the remainder when 419188 is divided by 142.
4
Calculate the remainder when 1115 is divided by 398.
319
What is the remainder when 758 is divided by 82?
20
Calculate the remainder when 523409 is divided by 142.
139
Calculate the remainder when 25674 is divided by 1708.
54
Calculate the remainder when 2215 is divided by 19.
11
What is the remainder when 12547 is divided by 697?
1
What is the remainder when 3383941 is divided by 106?
103
Calculate the remainder when 27827 is divided by 819.
800
What is the remainder when 87284 is divided by 5?
4
Calculate the remainder when 2927 is divided by 5.
2
What is the remainder when 532471 is divided by 59162?
13
Calculate the remainder when 667811 is divided by 166950.
11
Calculate the remainder when 128755 is divided by 6.
1
What is the remainder when 3039 is divided by 503?
21
Calculate the remainder when 419823 is divided by 66.
63
What is the remainder when 7538 is divided by 350?
188
What is the remainder when 27646722 is divided by 915?
912
Calculate the remainder when 338517 is divided by 25.
17
What is the remainder when 26904 is divided by 52?
20
What is the remainder when 1069514 is divided by 21?
5
What is the remainder when 336943 is divided by 19?
16
What is the remainder when 623585 is divided by 63?
11
What is the remainder when 105998 is divided by 80?
78
Calculate the remainder when 2967 is divided by 628.
455
Calculate the remainder when 107023 is divided by 128.
15
Calculate the remainder when 564123 is divided by 71.
28
Calculate the remainder when 1974 is divided by 900.
174
What is the remainder when 27902 is divided by 71?
70
Calculate the remainder when 12717 is divided by 4223.
48
Calculate the remainder when 66986 is divided by 416.
10
What is the remainder when 36429 is divided by 7256?
149
What is the remainder when 3516 is divided by 3501?
15
What is the remainder when 38272 is divided by 36?
4
Calculate the remainder when 2975 is divided by 870.
365
What is the remainder when 1098 is divided by 1087?
11
What is the remainder when 7522 is divided by 84?
46
Calculate the remainder when 12395 is divided by 148.
111
What is the remainder when 2795 is divided by 2480?
315
Calculate the remainder when 6044 is divided by 3000.
44
Calculate the remainder when 1467 is divided by 222.
135
What is the remainder when 24959 is divided by 146?
139
Calculate the remainder when 13143 is divided by 1006.
65
Calculate the remainder when 36872 is divided by 12.
8
Calculate the remainder when 185383 is divided by 21.
16
What is the remainder when 50715 is divided by 16862?
129
What is the remainder when 1009 is divided by 78?
73
Calculate the remainder when 371450 is divided by 132.
2
Calculate the remainder when 1545 is divided by 729.
87
What is the remainder when 21910 is divided by 5?
0
What is the remainder when 9939 is divided by 144?
3
What is the remainder when 25598 is divided by 43?
13
Calculate the remainder when 17527 is divided by 1095.
7
What is the remainder when 640 is divided by 640?
0
What is the remainder when 5636 is divided by 59?
31
Calculate the remainder when 75880 is divided by 204.
196
What is the remainder when 7000017 is divided by 233?
231
Calculate the remainder when 10016 is divided by 238.
20
Calculate the remainder when 51771 is divided by 8.
3
What is the remainder when 10382 is divided by 5176?
30
Calculate the remainder when 1316 is divided by 656.
4
Calculate the remainder when 7493 is divided by 932.
37
What is the remainder when 33495 is divided by 100?
95
What is the remainder when 1720 is divided by 467?
319
What is the remainder when 24191 is divided by 24129?
62
What is the remainder when 113816 is divided by 2?
0
What is the remainder when 276756 is divided by 11?
7
What is the remainder when 55816 is divided by 1140?
1096
What is the remainder when 235744 is divided by 50?
44
Calculate the remainder when 2312 is divided by 324.
44
Calculate the remainder when 1020 is divided by 12.
0
Calculate the remainder when 185186 is divided by 30.
26
Calculate the remainder when 9281 is divided by 2316.
17
What is the remainder when 9497 is divided by 10?
7
What is the remainder when 12552 is divided by 94?
50
Calculate the remainder when 13725 is divided by 145.
95
Calculate the remainder when 3820 is divided by 3785.
35
Calculate the remainder when 166805 is divided by 65.
15
What is the remainder when 463 is divided by 15?
13
Calculate the remainder when 9257 is divided by 25.
7
What is the remainder when 348699 is divided by 110?
109
Calculate the remainder when 331978 is divided by 2459.
13
What is the remainder when 988 is divided by 289?
121
Calculate the remainder when 340847 is divided by 263.
262
Calculate the remainder when 3351 is divided by 95.
26
What is the remainder when 156734 is divided by 31?
29
What is the remainder when 638 is divided by 560?
78
Calculate the remainder when 489560 is divided by 79.
76
Calculate the remainder when 242042 is divided by 43.
38
What is the remainder when 133029 is divided by 204?
21
Calculate the remainder when 52755 is divided by 2198.
3
What is the remainder when 451499 is divided by 755?
9
Calculate the remainder when 76618 is divided by 57.
10
Calculate the remainder when 161874 is divided by 1255.
1234
What is the remainder when 68586 is divided by 46?
0
Calculate the remainder when 9726 is divided by 1902.
216
What is the remainder when 101 is divided by 74?
27
Calculate the remainder when 527938 is divided by 263963.
12
What is the remainder when 5594 is divided by 1366?
130
What is the remainder when 1911 is divided by 404?
295
What is the remainder when 26828 is divided by 407?
373
What is the remainder when 53749 is divided by 86?
85
What is the remainder when 3922237 is divided by 17?
14
Calculate the remainder when 35526 is divided by 2959.
18
What is the remainder when 3186 is divided by 145